s the ten millions digit of 5660713476?
6
What is the ten thousands digit of 4073249?
7
What is the ten millions digit of 98916675?
9
What is the units digit of 191834966?
6
What is the hundred millions digit of 849015047?
8
What is the tens digit of 994717221?
2
What is the units digit of 2901790369?
9
What is the hundreds digit of 530594?
5
What is the tens digit of 1270332795?
9
What is the hundred thousands digit of 773641244?
6
What is the ten thousands digit of 59100965?
0
What is the hundred millions digit of 1016459721?
0
What is the hundred thousands digit of 2235623325?
6
What is the hundred millions digit of 1599591519?
5
What is the thousands digit of 8682895?
2
What is the thousands digit of 968628525?
8
What is the ten millions digit of 119782607?
1
What is the millions digit of 127420862?
7
What is the hundred millions digit of 1858809372?
8
What is the thousands digit of 55712119?
2
What is the ten millions digit of 3029461602?
2
What is the hundred thousands digit of 77278307?
2
What is the units digit of 1618444665?
5
What is the hundreds digit of 54098397?
3
What is the ten millions digit of 504396547?
0
What is the hundreds digit of 4864732436?
4
What is the tens digit of 101644081?
8
What is the ten thousands digit of 44289497?
8
What is the ten millions digit of 19518237?
1
What is the ten thousands digit of 111111932?
1
What is the units digit of 485422945?
5
What is the ten thousands digit of 95993493?
9
What is the millions digit of 301968336?
1
What is the ten millions digit of 189058615?
8
What is the hundreds digit of 13444928?
9
What is the hundred thousands digit of 215317867?
3
What is the units digit of 230607287?
7
What is the tens digit of 35227153?
5
What is the ten millions digit of 649587465?
4
What is the ten thousands digit of 45711164?
1
What is the ten millions digit of 62053351?
6
What is the hundreds digit of 2075148677?
6
What is the units digit of 7010857770?
0
What is the hundred thousands digit of 3172875?
1
What is the ten millions digit of 12330902?
1
What is the hundred thousands digit of 291478989?
4
What is the ten thousands digit of 411639614?
3
What is the millions digit of 918472652?
8
What is the hundred millions digit of 1740494325?
7
What is the hundred thousands digit of 69094984?
0
What is the ten thousands digit of 244564393?
6
What is the ten millions digit of 29881600?
2
What is the ten millions digit of 28481926?
2
What is the hundred thousands digit of 32688512?
6
What is the hundreds digit of 215782735?
7
What is the ten thousands digit of 270245766?
4
What is the ten thousands digit of 20672864?
7
What is the hundred millions digit of 938361784?
9
What is the ten thousands digit of 46903828?
0
What is the tens digit of 28584798?
9
What is the ten thousands digit of 215445187?
4
What is the thousands digit of 24972767?
2
What is the hundred thousands digit of 6500298?
5
What is the tens digit of 425831607?
0
What is the millions digit of 30770874?
0
What is the thousands digit of 784013915?
3
What is the units digit of 12541495?
5
What is the hundreds digit of 279047703?
7
What is the tens digit of 703884398?
9
What is the ten millions digit of 211037672?
1
What is the units digit of 3186897946?
6
What is the tens digit of 8902150526?
2
What is the millions digit of 590216976?
0
What is the units digit of 55215838?
8
What is the hundreds digit of 79709849?
8
What is the ten millions digit of 168121546?
6
What is the units digit of 79243286?
6
What is the hundreds digit of 2084844376?
3
What is the ten millions digit of 3573233232?
7
What is the hundreds digit of 7424511460?
4
What is the ten thousands digit of 1437289514?
8
What is the hundred thousands digit of 640435756?
4
What is the ten millions digit of 3610417059?
1
What is the ten thousands digit of 3967993154?
9
What is the millions digit of 130648688?
0
What is the hundred thousands digit of 2248249764?
2
What is the thousands digit of 126444853?
4
What is the hundred millions digit of 2924660921?
9
What is the millions digit of 1783037824?
3
What is the millions digit of 524672147?
4
What is the millions digit of 127516732?
7
What is the thousands digit of 78948021?
8
What is the ten thousands digit of 6077546?
7
What is the ten thousands digit of 659193759?
9
What is the millions digit of 79940514?
9
What is the ten thousands digit of 67465524?
6
What is the ten thousands digit of 1312488805?
8
What is the hundreds digit of 126223986?
9
What is the millions digit of 1421271813?
1
What is the hundred millions digit of 2121834625?
1
What is the hundreds digit of 45161006?
0
What is the tens digit of 7756200497?
9
What is the tens digit of 659548121?
2
What is the hundred thousands digit of 26999428?
9
What is the thousands digit of 44558319?
8
What is the units digit of 2752691954?
4
What is the units digit of 218297574?
4
What is the ten thousands digit of 112778547?
7
What is the hundreds digit of 542521739?
7
What is the hundred millions digit of 485770736?
4
What is the tens digit of 298069215?
1
What is the ten millions digit of 6467744781?
6
What is the hundred millions digit of 2677409890?
6
What is the thousands digit of 788570702?
0
What is the ten thousands digit of 61258859?
5
What is the thousands digit of 470829653?
9
What is the hundred millions digit of 5597932028?
5
What is the hundreds digit of 36558402?
4
What is the hundred millions digit of 1453377733?
4
What is the units digit of 219161788?
8
What is the hundred thousands digit of 104175877?
1
What is the thousands digit of 226479533?
9
What is the hundreds digit of 7379260?
2
What is the millions digit of 842916919?
2
What is the units digit of 66003199?
9
What is the units digit of 3669293?
3
What is the thousands digit of 447395207?
5
What is the hundreds digit of 12858564?
5
What is the units digit of 45708507?
7
What is the hundred thousands digit of 589194706?
1
What is the thousands digit of 172773915?
3
What is the hundreds digit of 843702474?
4
What is the thousands digit of 3293172464?
2
What is the millions digit of 80133281?
0
What is the thousands digit of 50783549?
3
What is the ten millions digit of 289845103?
8
What is the hundred thousands digit of 52347798?
3
What is the hundreds digit of 133764124?
1
What is the ten thousands digit of 29721769?
2
What is the millions digit of 2552344627?
2
What is the thousands digit of 211155558?
5
What is the hundred millions digit of 4715596815?
7
What is the millions digit of 83458569?
3
What is the millions digit of 509758735?
9
What is the hundreds digit of 414984348?
3
What is the hundreds digit of 1362294118?
1
What is the thousands digit of 79579833?
9
What is the units digit of 78715065?
5
What is the hundred thousands digit of 23886586?
8
What is the millions digit of 1328674285?
8
What is the millions digit of 420177463?
0
What is the hundred thousands digit of 13810323?
8
What is the units digit of 27276020?
0
What is the units digit of 2712367846?
6
What is the tens digit of 59636736?
3
What is the hundreds digit of 173247602?
6
What is the millions digit of 1291088570?
1
What is the units digit of 209384369?
9
What is the ten thousands digit of 3735966975?
6
What is the hundred millions digit of 3743045529?
7
What is the ten millions digit of 223114353?
2
What is the units digit of 411836151?
1
What is the tens digit of 330129338?
3
What is the units digit of 1136723642?
2
What is the units digit of 1337664960?
0
What is the ten millions digit of 497394020?
9
What is the ten thousands digit of 60862384?
6
What is the tens digit of 4478996971?
7
What is the hundred thousands digit of 2480349999?
3
What is the ten thousands digit of 3042219218?
1
What is the tens digit of 727940535?
3
What is the tens digit of 15417378?
7
What is the ten thousands digit of 136313236?
1
What is the thousands digit of 2531184883?
4
What is the ten millions digit of 1505807859?
0
What is the units digit of 25797655?
5
What is the millions digit of 397581567?
7
What is the ten millions digit of 9241070506?
4
What is the hundred millions digit of 116547830?
1
What is the thousands digit of 1098719550?
9
What is the hundreds digit of 4811190828?
8
What is the units digit of 35534466?
6
What is the ten 